8
Let a(v) = v**3 - 84*v**2 + 2*v - 81. What is a(84)?
87
Let d(r) = -395*r + 4345. Give d(11).
0
Let w(x) = -x**2 + 65*x - 438. Determine w(7).
-32
Let u(v) = 9*v + 215. Give u(-30).
-55
Let h(a) = -a**2 - 72*a - 495. Calculate h(-8).
17
Let f(c) = 2*c**2 - 328*c - 3654. Calculate f(-11).
196
Let s(p) = p**3 - p**2 - 10*p + 17. Calculate s(7).
241
Let j(k) = 67*k - 692. Determine j(7).
-223
Let p(w) = 169*w + 708. Calculate p(-4).
32
Let o(k) = 3*k**2 - 115*k - 83. What is o(39)?
-5
Let c(l) = -l**3 + 9*l**2 - 3*l + 38. What is c(9)?
11
Let j(w) = -2*w**2 + 65*w + 138. Calculate j(-2).
0
Let r(i) = 3*i**2 + 28*i - 233. Determine r(7).
110
Let h(c) = 6*c**2 + c - 19. What is h(2)?
7
Let u(o) = 33*o - 72. Give u(3).
27
Let w(p) = 12*p**2 - 71*p + 76. Give w(4).
-16
Let g(d) = -13*d**2 - 9*d - 20. Give g(-5).
-300
Let m(h) = -h**3 - 2*h**2 - 4*h + 2. Give m(-3).
23
Let v(z) = 14*z + 548. Give v(-19).
282
Let s(x) = -x**3 + 4*x**2 - 259*x + 1025. Give s(4).
-11
Let l(t) = -t**2 + 103*t - 399. Calculate l(5).
91
Let d(g) = 19*g - 899. What is d(73)?
488
Let a(f) = -f**3 - 30*f**2 - 61*f + 538. What is a(-27)?
-2
Let r(w) = w**3 - w**2 + 12*w - 115. Determine r(0).
-115
Let w(q) = -q**2 + 29*q - 162. Give w(21).
6
Let n(p) = 26*p - 101. Give n(12).
211
Let j(x) = x**2 + 32*x + 221. Give j(-25).
46
Let y(v) = 2*v + 116. What is y(-50)?
16
Let f(o) = o**2 + 7*o - 7828. Give f(-92).
-8
Let o(y) = -164*y - 675. Give o(-4).
-19
Let z(h) = 47*h + 52. What is z(-5)?
-183
Let d(y) = -y**2 - 120*y + 749. Determine d(-126).
-7
Let g(b) = -b**2 - 6445*b - 38647. Give g(-6).
-13
Let f(r) = -2*r**2 + 51*r + 824. Give f(-12).
-76
Let m(d) = 17*d**2 - 527*d - 1. Calculate m(31).
-1
Let s(u) = -774*u + 71213. Determine s(92).
5
Let k(q) = -4074*q + 32590. Determine k(8).
-2
Let t(g) = 2*g**3 - 28*g**2 + 73*g - 6. What is t(10)?
-76
Let g(f) = f**2 + 251*f + 756. Give g(-3).
12
Let t(m) = -10*m**2 + 430*m + 17. Determine t(43).
17
Let j(g) = -6814*g + 6821. What is j(1)?
7
Let n(k) = k**3 - 31*k**2 + 153*k - 31. Calculate n(25).
44
Let z(o) = -3*o**2 + 4*o - 29. Give z(-4).
-93
Let u(t) = -89*t + 1334. Calculate u(15).
-1
Let k(w) = -492*w - 2993. Calculate k(-6).
-41
Let d(n) = -n**3 + n**2 + 14*n + 106. Calculate d(0).
106
Let c(k) = -163*k - 759. What is c(-6)?
219
Let k(b) = b**3 - 7*b**2 - 171*b + 16. Give k(-10).
26
Let v(a) = 12*a**2 - 14*a - 6. Calculate v(3).
60
Let x(k) = -236*k**3 - 42*k**2 - 44*k - 3. What is x(-1)?
235
Let j(l) = -2*l**3 - 24*l**2 - 5*l - 57. Determine j(-12).
3
Let v(q) = -18*q**3 + 10*q**2 - 19*q + 52. Determine v(3).
-401
Let q(m) = -m**2 - 245*m - 3646. Give q(-16).
18
Let i(y) = 28*y - 163. What is i(8)?
61
Let y(v) = -v**2 - 320*v - 3125. Determine y(-10).
-25
Let s(z) = -224*z - 232. Give s(-1).
-8
Let w(i) = -26*i + 1003. Calculate w(39).
-11
Let t(o) = -2*o**2 - 26*o + 83. Determine t(-18).
-97
Let r(z) = 2*z**2 - 32*z - 34. Determine r(18).
38
Let p(s) = -11*s + 207. Determine p(21).
-24
Let g(z) = 7*z**2 - 4*z - 13. Determine g(8).
403
Let z(f) = 6*f**3 + 47*f**2 - 9*f - 4. Calculate z(-8).
4
Let v(a) = -6*a**3 + 85*a**2 - 15*a. Calculate v(14).
-14
Let i(o) = 68*o + 5860. What is i(-86)?
12
Let y(n) = -1885*n - 69736. Give y(-37).
9
Let a(i) = 2*i**3 + 37*i**2 - 22*i - 50. Give a(-19).
7
Let s(k) = 1393*k - 15576. Calculate s(11).
-253
Let a(i) = -6*i**3 + 74*i**2 - 26*i + 33. Determine a(12).
9
Let s(k) = -133*k - 1205. Determine s(-9).
-8
Let p(i) = -144*i - 681. Determine p(-6).
183
Let y(q) = 9*q**2 + 7*q + 9. What is y(-3)?
69
Let f(t) = -15*t - 89. Give f(-10).
61
Let a(p) = -267*p + 1. Calculate a(0).
1
Let i(a) = 12*a**2 + 3*a - 2. Give i(-5).
283
Let c(z) = z**3 - 10*z**2 + 18*z - 30. Calculate c(5).
-65
Let b(w) = 101*w - 911. Determine b(9).
-2
Let v(w) = -22*w + 2192. What is v(95)?
102
Let m(i) = -i**2 - 30*i - 123. Give m(-5).
2
Let d(x) = 2*x**2 + 3*x + 392. Give d(0).
392
Let j(x) = 13*x**2 + 23*x - 70. Give j(4).
230
Let m(a) = a**3 - 5*a**2 - 11*a - 3. What is m(-2)?
-9
Let w(r) = -r**3 - 109*r**2 - 90*r + 1941. Determine w(-108).
-3
Let u(x) = -4*x**2 - 8*x - 39. Calculate u(4).
-135
Let m(d) = 25*d**2 + 128*d + 254. Calculate m(-2).
98
Let m(s) = -2*s**3 + 20*s**2 + 27*s - 275. Give m(10).
-5
Let l(j) = -145*j - 168. Determine l(-1).
-23
Let i(h) = h**2 + 76*h - 498. Determine i(6).
-6
Let f(y) = -7*y**2 - 198*y - 525. Calculate f(-3).
6
Let v(u) = -u**2 + 109*u + 2417. Calculate v(-19).
-15
Let t(v) = -5*v**3 + 279*v**2 + 56*v - 64. What is t(56)?
-64
Let l(r) = 10*r**2 - 294*r + 63. Give l(30).
243
Let v(k) = -k**2 + 46*k - 19. What is v(46)?
-19
Let l(c) = -39*c + 362. What is l(10)?
-28
Let v(i) = 2*i**2 - 37*i + 53. Calculate v(16).
-27
Let c(t) = t**2 + 25*t + 124. Give c(-17).
-12
Let t(j) = 9*j + 4. Calculate t(5).
49
Let m(u) = -2*u**3 + 11*u**2 - 31*u + 54. Determine m(3).
6
Let y(a) = -3*a**3 - 141*a**2 + 3. Determine y(-47).
3
Let a(k) = 21*k - 231. What is a(12)?
21
Let u(b) = 80*b - 1049. Determine u(12).
-89
Let v(o) = -o**2 - 451*o - 4. Calculate v(0).
-4
Let p(t) = -t**2 + 75*t - 1428. Determine p(35).
-28
Let m(s) = 2*s**3 - 34*s**2 + 21*s - 372. Determine m(17).
-15
Let q(a) = -a**3 - 12*a**2 - 12*a + 35. Give q(-11).
46
Let a(f) = -114*f - 2476. Determine a(-22).
32
Let x(k) = -31*k**2 + 685*k - 55. What is x(22)?
11
Let k(q) = -6*q**2 - 36*q - 3. Determine k(-10).
-243
Let q(p) = -p - 24. Calculate q(-10).
-14
Let a(p) = 4*p**2 + 369*p - 388. Calculate a(-93).
-109
Let t(w) = 15*w**2 + 124*w - 122. Calculate t(-9).
-23
Let h(l) = l**3 + 44*l**2 + 122*l + 3427. What is h(-43)?
30
Let q(z) = -z**3 + 28*z**2 - 59*z + 209. Give q(26).
27
Let l(h) = -h + 167. Determine l(33).
134
Let r(p) = p**3 + 7*p**2 - 9*p + 84. Determine r(-9).
3
Let p(l) = l**2 + 1305*l - 23809. What is p(18)?
5
Let b(x) = -x**2 - 1371*x - 2744. Calculate b(-2).
-6
Let f(m) = 7*m**3 + 62*m**2 - 187*m - 10. Determine f(3).
176
Let r(b) = -3*b**3 + 81*b**2 + 2*b - 116. Calculate r(27).
-62
Let c(p) = 28*p - 584. What is c(26)?
144
Let k(x) = -2*x**2 - 29*x + 123. Calculate k(4).
-25
Let k(z) = -2*z**3 - 71*z**2 + 33*z + 27. Give k(-36).
135
Let z(i) = -i**3 + 9*i**2 - 5*i - 17. What is z(8)?
7
Let i(n) = 2*n**2 + 119*n - 838. Give i(-66).
20
Let m(s) = 164*s - 1479. Give m(9).
-3
Let o(x) = -x**2 - 34*x - 74. Determine o(-34).
-74
Let p(o) = 27*o + 888. Determine p(-38).
-138
Let s(c) = 353*c - 7420. Determine s(21).
-7
Let f(p) = 2392*p - 9591. What is f(4)?
-23
Let z(u) = -u**2 + 40*u + 285. What is z(46)?
9
Let u(a) = 1802*a + 18028. Give u(-10).
8
Let z(q) = -q**2 - 1743*q + 24600. Give z(14).
2
Let a(p) = -p**2 + 46*p + 128. Determine a(49).
-19
Let b(z) = -z**3 - 32*z**2 - 106*z + 121. Calculate b(-28).
-47
Let b(p) = -p**2 - 33*p - 48. Give b(-32).
-16
Let f(s) = s**2 - 34*s + 233. What is f(24)?
-7
Let u(f) = 122*f - 11569. Give u(95).
21
Let a(t) = t**2 - 48*t + 576. Calculate a(25).
1
Let f(g) = 54*g + 1997. Calculate f(-37).
-1
Let u(x) = 792*x + 1579. Determine u(-2).
-5
Let p(s) = 10*s - 1622. What is p(162)?
-2
Let z(a) = 375*a + 4121. What is z(-11)?
-4
Let i(j) = 10*j**2 - 6*j + 28. Give i(3).
100
Let s(z) = 211*z + 212. Determine s(-1).
1
Let n(c) = c**2 - 3389*c - 23775. What is n(-7)?
-3
Let i(q) = -2*q**3 - 43*q**2 + 89*q - 56. What is i(-22)?
-1530
Let s(f) = -29*f + 971. Determine s(34).
-15
Let h(z) = 12*z**3 - 5*z**2 - z + 11. Give h(-3).
-355
Let q(k) = -24*k + 323. Give q(12).
35
Let t(d) = -101*d**3 - 3*d**2 - 15*d - 11. Give t(-1).
102
Let t(z) = -163*z - 960. Calculate t(-6).
18
Let k(j) = 11*j - 1055. Give k(93).
-32
Let r(i) = i**3 - 15*i**2 + 33*i - 22. Determine r(12).
-58
Let z(i) = 13*i**2 + 812*i - 444. Give z(-63).
-3
Let y(l) = -37*l**2 - 2623*l + 287. Determine y(-71).
3
Let l(g) = 89*g - 32. What is l(-1)?
-121
Let q(u) = -2*u**3 + 66*u**2 - 79*u + 461. Give q(32).
-19
Let u(z) = z**3 - 6*z - 32. Give u(-4).
-72
Let t(h) = -4762*h + 38114. Give t(8).
18
Let s(a) = a**3 + 14*a**2 + 3*a - 48. Give s(0).
-48
Let s(b) = 436*b - 313. Calculate s(1).
123
Let i(k) = k**3 - 40*k**2 - 42*k - 26. What is i(41)?
-67
Let d(s) = s**2 + 44*s + 411. Calculate d(-16).
-37
Let s(g) = 239*g - 13890. Determine s(58).
-28
Let o(v) = 6*v**2 + 367*v - 299. What is o(-62)?
11
Let t(z) = 3*z**3 + 